 + 61*i + 53. What is the hundreds digit of h(-11)?
2
Suppose 8*s = 6*s + 6. Let m(h) = 2*h**3 - 6 - 3*h**s + 4 - h**3. What is the tens digit of m(-2)?
1
Suppose d + 5*b - 289 = 0, -d + b + 37 + 276 = 0. What is the hundreds digit of d?
3
Let v(s) = 4*s**2 - 16*s - 72. What is the units digit of v(-10)?
8
Let r(k) = 5*k**2 - 5*k + 14*k - 2*k**2 - 2*k**2. Let v be r(-7). Let p = v + 39. What is the tens digit of p?
2
Let o = 176 - 69. Suppose 5*m - o = 58. What is the tens digit of m?
3
Suppose b = 0, -h + b = 6*b - 232. Let x = h + -39. What is the tens digit of x?
9
Let f be -2*(0 + -1)/1. Suppose t = 3*w + f*t - 381, 508 = 4*w - t. What is the hundreds digit of w?
1
Let y(x) be the first derivative of 5*x**2 - 11*x - 1. What is the tens digit of y(5)?
3
Suppose -246 = -9*r + 6*r. Suppose -r*m = -75*m - 805. What is the units digit of m?
5
Let u(k) = -222*k + 1. Let b(p) = -p**2 + 8*p - 8. Let c be b(1). What is the units digit of u(c)?
3
Let a(j) = -j**2 + 7*j - 1. Let l be a(10). Let u = 33 + l. What is the units digit of u?
2
Suppose -5*h + 931 + 1443 = -l, -4 = l. What is the hundreds digit of h?
4
Let m(o) = o**2 - 4*o + 5. Let w be m(4). Suppose w*y - 7*y + 52 = 0. What is the tens digit of y?
2
Let u(v) = v**3 + 6*v**2 - 17*v - 3. Let t be u(-8). Suppose -t*h + 1216 = 136. What is the hundreds digit of h?
2
Let n be 40/(-30)*9/(-2). Let w be n/24 + 303/4. Suppose w = 2*b - m - 13, -b = -4*m - 41. What is the tens digit of b?
4
Let j(r) = -4*r + 3*r**2 - 1 - 2*r**2 + 4. Let c = -67 - -75. What is the tens digit of j(c)?
3
Suppose 5*t + 0*t = 20. Let g(p) = -p**3 + 4*p**2 + 4*p - 10. Let f be g(4). Suppose 8 + t = y + 4*n, 3*n = f. What is the units digit of y?
4
Suppose 0 = -2*j + 5 - 1. Suppose -c + 20 = -2*o, 3*c - 4*o - 100 = -j*c. What is the units digit of c?
0
Let j(s) = -s**3 - 3*s**2 - 2*s + 2. Let y be j(-2). Suppose -143*t + 145*t = 84. Suppose 5*w - 122 + 40 = -u, y*w + 5*u - t = 0. What is the units digit of w?
6
Let o = -1176 + 1704. What is the tens digit of o?
2
Suppose 3*y - 13 - 701 = 4*z, 5*z = 2*y - 476. What is the hundreds digit of y?
2
Suppose 3*b - 116 = 5*t, 4*b - 9 = 4*t + 159. Suppose b = 6*w - 13. What is the tens digit of w?
1
Let l(k) be the first derivative of -1/4*k**4 + 4/3*k**3 + 3*k - 6 + 5/2*k**2. What is the tens digit of l(-3)?
5
Let k(v) = 183*v + 18. What is the units digit of k(2)?
4
Let q(s) = s**3 + 11*s**2 - 8*s + 41. Let m be q(-12). Let o(b) = -22*b - 18. What is the units digit of o(m)?
6
Suppose 11*m = -5*y + 6*m + 445, -m = -4*y + 346. What is the units digit of y?
7
Let v(m) = m + 17. Let z be v(-18). What is the units digit of (-102)/(-3 + (0 - z))?
1
Suppose 0 = 4*d + 3*p - 449, -2*p + 4*p = -3*d + 338. What is the units digit of (-3208)/(-18) - (d/36 + -3)?
8
What is the hundreds digit of 8602/6 + (342/27)/(-19)?
4
Suppose 6*y - 2862 = 786. What is the hundreds digit of y?
6
Let w be ((-12)/4)/(-6)*6. Suppose c = -2*u - 17, 2*u + w*u = -2*c - 40. What is the units digit of (-1)/1*u/6?
1
Suppose -8*j + 494 = -21*j. Let l = 159 - j. What is the units digit of l?
7
Suppose -632*x + 628*x + 18296 = 0. What is the hundreds digit of x?
5
Let d(w) = w**3 + 2*w**2 - 4*w + 19. Let x be d(8). Suppose 5*m - 2*m - x = 0. What is the units digit of m?
9
Let k(z) = -35*z - 12. Let g(h) = -17*h - 6. Let t(a) = 9*g(a) - 4*k(a). What is the units digit of t(-3)?
3
Suppose 0 = 6*s - 64 - 8. What is the hundreds digit of 81/s*42 - (-15)/30?
2
Let l(v) = -2*v**3 - 13*v**2 + 33*v + 102. What is the hundreds digit of l(-12)?
2
Let b = -6 + -25. Let c = b + 44. What is the units digit of c?
3
Let n(r) = -156*r**3 - r**2 - 4*r - 6. What is the hundreds digit of n(-2)?
2
Suppose 3*a = a - 3*b + 2429, -b - 2425 = -2*a. What is the tens digit of a?
1
Suppose -37*i - 50209 = -74*i. What is the tens digit of i?
5
Suppose 4*i - 9 = 3. Let h(o) = o**3 + o**2 + 2*o + 1. Let k be h(i). Let t = 2 + k. What is the units digit of t?
5
Let d(h) = -16*h - 1. Let q be d(-2). Let x be (4 - -1) + 3/(-3). Suppose -x*b + 108 = -2*t + 6*t, -b = 5*t - q. What is the tens digit of b?
2
Suppose -4*h - 8*s + 32 = -4*s, 4*s = 5*h - 22. Suppose 0 = u + 2*u - h. What is the units digit of 69 - (-2 - (u - 2))?
1
Suppose -7*r = -5*r. Suppose 3*d - 4*d - 145 = -2*v, r = 4*v + 4*d - 308. What is the units digit of v?
4
Suppose 0 = -3*o + 5*t + 409, -3*o = 5*t - 233 - 156. What is the units digit of o?
3
Let u be 2/(-10) - 4/(-20). Suppose -p = -4*p - v + 62, 4*p + v - 83 = u. Let f = 41 - p. What is the units digit of f?
0
Suppose 2*u = -5*p + 9, -6*p + 8*p + 3*u - 8 = 0. What is the hundreds digit of -2 - -2*((p - 4) + 71)?
1
What is the tens digit of 72490/77 + (-12)/28?
4
Let m = 10389 + -6140. What is the thousands digit of m?
4
Suppose -137 = 2*l - 725. What is the hundreds digit of l?
2
Let v = -153 - -265. Suppose 0 = -a - a - 108. Let h = a + v. What is the units digit of h?
8
Suppose -7*x = -11*x. Suppose x = -10*w + 1107 - 97. What is the units digit of w?
1
Suppose -v - 3 = 0, -9*i - 19599 + 73665 = -v. What is the tens digit of i?
0
Let t(a) = -a**3 - 34*a**2 + 9*a + 2. What is the tens digit of t(-35)?
1
What is the units digit of ((-78)/8*-1)/((-420)/(-38080))?
4
Let a(k) = -2*k**3 + 2*k**2 + k + 140. Let q be a(0). Let t = -44 + q. What is the tens digit of t?
9
Let q = 463 + 1807. What is the thousands digit of q?
2
Suppose 4*a + 18 = -2*n, 4 = 3*n + 1. Let q(g) = -g - 2. Let j be q(a). Suppose -5*r - 11 - 68 = -2*t, -3*r = -j*t + 105. What is the tens digit of t?
3
Let m = 1145 + -2353. Let z be m/(-11) + (-2)/(-11). Let p = z + -75. What is the tens digit of p?
3
Let w = -26 + 27. Suppose -6*d + 3*d - 4*j = -16, d = 3*j + w. What is the units digit of (-160)/60*(-9)/d?
6
What is the tens digit of (18582/152)/((-53)/28 + 2)?
4
Suppose -3*o = -4929 - 756. What is the hundreds digit of o?
8
Suppose 4*l - 271 = 469. Suppose -4*d = -9*d + l. What is the units digit of d?
7
Let h(t) = -t**2 - 11*t + t**2 - 6 + 0*t**2 - t**2. Suppose g = 4*y - 13, 3*y + 10 = -4*g - 4. What is the units digit of h(g)?
4
Let h be ((-3)/9)/((-4)/36). Suppose -323 = -5*z - h*f, z + f + 127 = 3*z. What is the units digit of z?
4
Suppose 0 = 7*t - 6*t + b - 3436, -2*t + 3*b = -6862. What is the thousands digit of t?
3
Suppose 12*i - 79 = 257. What is the units digit of i?
8
Let h be (7 + -3)*(-45)/(-20). Let q = h + 16. What is the units digit of q?
5
Suppose 5*y - 1906 = -206. What is the tens digit of y?
4
Let r(w) = 49*w**2 + 8*w - 7. What is the hundreds digit of r(3)?
4
Suppose 5*j - 27 = -2. Let m be (21/5 + -3)*j. Let i = -4 + m. What is the units digit of i?
2
Let r(n) = 287*n**2 + 5*n - 5. What is the tens digit of r(2)?
5
Let j be 108*4/(-8)*-2. Suppose -4*y + m + 288 = 0, -2*m = y + 45 - j. What is the tens digit of y?
7
Let y be ((-9)/15)/(1/(-5)). Suppose -2*t + y = t - s, 3 = -4*t - s. Suppose -z + 6*z - 90 = t. What is the units digit of z?
8
Let r(w) be the first derivative of w**4/4 + 3*w**3 + 11*w**2/2 - 9*w + 9. What is the tens digit of r(-7)?
1
Suppose 2*r - 513 - 363 = 0. What is the tens digit of r?
3
Let r(q) = 154*q**3 + q + 2. Let l be r(-1). Let c = l - -248. What is the units digit of c?
5
Suppose -5*q + 130 = l, l + l - 52 = -2*q. What is the hundreds digit of 315 + ((-15)/(-60) - q/8)?
3
Suppose -4*d - 3*h = -1, 4*d + 3*h = 6*d - 23. Suppose -425 = d*m - 9*m. What is the units digit of m?
5
What is the tens digit of 222 - (34/6 - (-10)/(-15))?
1
Let n(k) = -k**3 - 12*k**2 - 12*k - 11. Suppose 46 - 14 = -3*u + h, h = -1. Let v be n(u). Suppose v = -c - 0*c + 20. What is the units digit of c?
0
Let z(s) = s**2 - 11*s - 9. Let d be z(12). Suppose 285 + d = 6*r. What is the units digit of r?
8
Suppose -3*x = -x - 16. Suppose -x*s + 3*s = 65. Let m = 0 - s. What is the units digit of m?
3
Let y = -49 + 133. Let b = -38 + y. What is the tens digit of b?
4
Suppose -2*m - 2*b + 768 = 0, -2*b - 390 = -m - 0*m. What is the hundreds digit of m?
3
Let m(f) = -67*f**3 + f**2 + f + 1. Let q be m(-1). Suppose 0*a - q = -2*a. Suppose a = -8*b + 10*b. What is the units digit of b?
7
Let u(g) = g + 18. Suppose -3*n + q + 0*q - 44 = 0, -4*n - 67 = -3*q. Let b be u(n). Suppose -b*l = 29 - 214. What is the tens digit of l?
3
Let m be (-